luate -142 - (15 + (-68 - -50) + 5 + -10).
-134
What is the value of (24 - (-35 - -35)) + 6?
30
Evaluate (-2 - 4) + 2 + 0 + (-143 - -21) + 235.
109
-35 - (-378 + 372 - (2 + (-3 - 20)))
-50
Calculate (13 - (5 + 2)) + 63 - (112 + -98).
55
What is the value of (-1 - -17) + -1 + -173 + 243?
85
Calculate -37 - (-56 + 97 - (182 + -6)).
98
0 + -3 + 29 - (17 + 3 - 22)
28
What is -1 + -18 - 0 - (-245 - -451 - 219)?
-6
Calculate -65 + (22 - -47) + 57.
61
26 - ((-33 - (-1 - 20)) + -7)
45
What is -1 - 10 - (11877 - 11752)?
-136
Calculate -3 + 5 + 17 + (-15 + 21 - (27 - 12)).
10
What is (1 - 10) + (36 - ((-2 - -9) + -3)) + 1?
24
What is 9 - 24 - (-150 - -151) - (2 - 72)?
54
48 - (-49 - -47) - 57
-7
Evaluate (42 - -4) + -6 + (-5 - -9) + -1.
43
(4 - (13 - -10 - 9) - -9) + -73 + -13
-87
Evaluate (-7 - (-19 - (-22 + 3 + 6))) + -1 - -73.
71
Calculate 5 - (21 - (-20 - -44)) - 2.
6
What is the value of 3 - (-17 - (-10 - (4 + 8)))?
-2
-4 - (15 - 13) - (72 + -2)
-76
Calculate 11 + (-6 - -4 - 4) - 3 - 38.
-36
50 + -2 + -42 - (3 + 6 - 4)
1
Calculate -2 - -123 - 125 - (109 - 1 - (-18 - -18)).
-112
Evaluate -2 + 90 - (-689 - -839).
-62
Calculate -710 + 755 + -3 + -1.
41
Evaluate -10 + 6 - -18 - -70 - 6 - 23.
55
What is the value of 3 + (46 - 22) + (81 - 144)?
-36
Calculate -8 + (79 - (-32 - -37)) - (-11 - 1).
78
Calculate -14 + (-1 - 93 - -30).
-78
Calculate -82 - 89 - (-59 - 26).
-86
(-4 - -5) + 0 + -8 + (-30 - -46) + -56
-47
Calculate -14 + (14 - (1 + 20 - (44 + -35)) - 3).
-15
What is (15 - -30) + (1 + 1 - 6 - (293 - 300))?
48
Calculate (101 - (98 - 63)) + 14.
80
What is the value of -7 + (-12 + 3 - -8) + -3 + -7 + -53?
-71
What is 2 + (-1 - 1) + 314 + -278?
36
Calculate -341 + 377 + -22 + -7.
7
-10 + 13 + 4 - -7 - 2 - 57
-45
What is the value of -39 + 1 - ((33 - 46) + 0 + 18)?
-43
(311 - 306) + 0 + 2 + -1 + 1
7
Evaluate -34 + (-82 + 39 - -51) - -109.
83
What is 28 + 5 - -2 - ((8 - 15) + -1)?
43
What is 33 - 54 - -24 - (3 - -42)?
-42
13 - (-41 + 52 + 25)
-23
Evaluate 39 - (41 - 52) - 31.
19
What is the value of -4112 + 4258 + -130 + 2?
18
What is the value of -29 - (1 + -28 + 1 + 34)?
-37
5 + -2 + 12 - (-28 + 10)
33
What is 133 + 131 + (51 - 219)?
96
(-8 - -4) + 6 - (20 + -5 + -21)
8
Evaluate 30 - 76 - (-20 - -5) - 8.
-39
What is -6 - (-7 + (30 - 7) + 0 + -9)?
-13
Evaluate 15 + -48 - (2 - 70).
35
1 + -12 + 80 - (156 - 120)
33
What is the value of 50 + (-3 - (12 + -12 - 14)) + 4?
65
104 + (-44 - 12) + 11
59
9 - (11 - -4) - (32 + -2 - 18)
-18
Evaluate (33 - 10) + 11 - (-27 - 1).
62
Evaluate (26 - (-14 - (-18 + (-25 - -20)))) + 118.
135
(45 - -3) + (-57 - (-77 - -65))
3
-17 - (-38 - (45 - 26 - 40))
0
What is (-16 - -7) + -8 + 27 + (-4 - (36 + -3))?
-27
What is -680 - -694 - (8 + -1) - (8 - -1)?
-2
Evaluate 52 - ((-88 - -37) + 83).
20
Calculate (1068 - 1077) + 3 + 29.
23
Evaluate 3 + (4 - -2) + 145 + -72 + -65.
17
Calculate (-38 - (-6 - -3)) + 10 + -1 + -16.
-42
What is the value of -29 + (13 - -7) - (18 - 0)?
-27
What is 40 - -1 - (4 + 14 + (-1 - 17))?
41
What is -9 + (16 - (0 + 22 - 19)) + (3 - -61)?
68
What is the value of (-16 - -30) + (19 - 3)?
30
(3 - 4) + 41 + -61
-21
What is the value of 0 + 8 + -2 + -3943 + 3927 - 38?
-48
(-83 - 1) + 1 + (234 - 472) + 217
-104
17 + (13 + 1 + -11 - -18 - 10 - 5)
23
Evaluate 6 + (-78 + 46 - -29).
3
Calculate -24 - -66 - -29 - (6 + -1) - 6.
60
13 - (4 - -21) - 12 - (-37 + 16 + 7)
-10
Calculate 60 - (-2 - -17 - (117 + -72 - 21)).
69
Calculate (-48 - (-11 - -3)) + 11 + -11 + -4.
-44
Evaluate (1609 - 1648) + 3 + -40.
-76
What is the value of 54 + -63 + 22 - -17?
30
Evaluate (28 - 0 - (94 - 89)) + -17.
6
-1 - ((-191 - -187) + -1 + -15)
19
What is (-102 - 18) + 1 + (-29 - -6) + 3 + 10?
-129
Evaluate (8 + 26 - 45) + (-3 + 2 - -3) + -27.
-36
Evaluate (1 - 7) + (-2 - (-11 - (-15 - 30))).
-42
Calculate -3 + 1 + -2 + (310 - 480 - -105).
-69
Evaluate 5 - -6 - ((-7 - -11 - 28) + 55).
-20
What is the value of 95 + (-46 + 16 + 29 - 21)?
73
What is the value of (28 - (4 - 8)) + -74 + -18?
-60
What is 5 + (23 - 6) + 14 + -38?
-2
Calculate -48 + (-24 + 2 + 35 - -6).
-29
What is (-25 - (40 - 75)) + -37?
-27
What is -81 + 78 - (11 + -8 + 6 - -9)?
-21
What is the value of -5 - ((-39 - -24 - -34) + -26)?
2
-2 + 1 - -2 - -27 - (-782 + 794)
16
Calculate -60 + (-8 - (-4 - 8)) - (-20 - -5 - -13).
-54
Calculate 126 - (-9 - -143) - (4 - (0 + -2) - -1).
-15
What is -18 - (29 + (18 - 26)) - -29?
-10
What is -49 - (22 + 17) - -45?
-43
What is -43 - (25 + -10 + 0 - (8 - (-8 + 5)))?
-47
Calculate -214 + -1 - (-8904 + 8769).
-80
Evaluate (-9 - -106) + (43 - 29).
111
4 + 4 + -15 - 46 - (0 - (0 - -9))
-44
Calculate -68 + 15 + (125 - -23).
95
What is (10 - (10 - 0)) + 0 + 11 + 50 + -1?
60
Evaluate 12 + (6 + 11 - 25) - (-24 - -2).
26
What is -33 - (71 - 127) - -26?
49
What is the value of (15 - -19) + -2 + -18 + (-19 - -20)?
15
(9 - 8) + (-15 - (-2 + 2 + 3) - 2)
-19
Evaluate (57 - (41 - 2)) + (3 - 18) + (-4 - 0).
-1
What is 31 + -5 + -13 + 11 - -10 - -8?
42
What is -14 + (-31 - -39) + 13?
7
What is (-1 - (-6 - -10)) + (-11 - (-43 + 14) - 24)?
-11
Evaluate 8 + (-114 - (374 - 375 - (-4 - 0))).
-109
What is the value of (2 + (-4 - -19) - (109 + -107)) + -29?
-14
Calculate -5761 - -5870 - (0 + 54).
55
Calculate (21 - 2) + (72 - 120).
-29
Evaluate 149 + -277 - -72 - (2 + -4 + 3).
-57
14 + -28 + 22 - (0 + 73)
-65
Calculate (-5 - -13) + (-24 - -35 - -19).
38
What is the value of 56 - (-81 - (95 - 140))?
92
93 - (5 + -13 - (1 + -5 - 13))
84
Evaluate 3 + (-3 - -2 - -3) - (-1 - -32).
-26
What is the value of 0 + 12 - (7 + 14) - (10 - 43)?
24
What is the value of 127 + -139 - (-3 - (29 + 2 + 1))?
23
What is the value of (9 - 17) + (22 - 8) - 25 - 58?
-77
What is 10 + 73 + -8 + (-14 - -12 - -22)?
95
Evaluate 11 - ((-69 - -14 - -66) + -6 + 0).
6
What is 8 + -72 + (6 - -32)?
-26
-5 + 2 + ((20 - 9) + -2 - 18)
-12
What is (5 + -8 - (-181 - -151)) + -6?
21
Evaluate (31 - -2 - 21 - 51) + -22.
-61
What is the value of 2 + (-80 + 61 - (-6 + -25 + -4))?
18
What is the value of 2 + (-10 + -15 + 13 + 10 - -20)?
20
What is the value of (-13 + 4 - -3) + (-7 - -10) + 42?
39
Evaluate 1 + 0 + 18 + (3 - (9 + 0 + 8)).
5
What is the value of -13 + (38 + 1 - 44 - (37 - (-2 - -3)))?
-54
What is -19 - (60 + -112 + -2 + -9)?
44
61 + (20 - -4 - (-182 - -200))
67
Calculate -3 + 0 + (16 - (-20 - -11) - -21).
43
What is the value of 10 - (-67 - ((7 - -14 - 0) + -15))?
83
Calculate -29 + 0 + -23 + -110 + 91.
-71
Calculate -25 - (-32 + 64) - -87.
30
Calculate 18 - (11 + 35 - 49).
21
What is 5 + (1 - 0) + -10 + (9 - -9)?
14
Calculate (-30 - -64) + 5 + 22.
61
13 + -11 + -20 - (12 - 6)
-24
2 + 22 + 13 + 1 + 9
47
What is (-62 - (-9 + -11)) + -11 - -8?
-45
Calculate (-4 - -35) + -69 + -1.
-39
Evaluate -52 - ((1 - -5) + 84 + -91).
-51
Calculate -87 + (26 - -73) + -59.
-47
What is 21 + (-176 - -196) + 0 + -2?
39
What is the value of 59 + -38 + (13 - -4 - 36)?
2
Evaluate 1 + -26 - (-91 + 86 + -18).
-2
Calculate 80 - 69 - (-3 + 1 - (-28 + -1)).
-16
Calculate (-5 - (-8 - (-18 + 28))) + 5.
18
-2 - (13 - -3 - 7) - ((0 - 4) + 6)
-13
Calculate 38 + (-85 - -51) - -30.
34
Calculate (10 - -8) + -38 + (49 - 0).
29
Evaluate (-8 - 12) + 77 + -68.
-11
What is the value of 23 + 2 - (-58 - (-47 - -8))?
44
What is the value of 3 + -1 + (5 - -19 - (1 + (-20 - -16)))?
29
What is -6 - (41 - (115 + -47))?
21
-6 + (13 - (12 + -113 + (-1 - 1) + 13))
97
Calculate 49 + -135 + 57 + 78 + 5.
54
What is (38 - (156 - 123)) + -46?
-41
What is the value of 2 - (38 + -13 + -30 - (-1 - -4))?
10
What is the value of 14 + 60 + 34 + -71?
37
What is the value of (-30 + 5 - -8) + 59 + -37 + 57?
62
What is the value of (-2 - 2) + -2 - (-40 + -5 - -106)?
-67
What is the value of 2 + (3 - (1 - 2)) + 39 + 2 + -99?
-52
-105 - (20 - 60) - (0 - -22)
-87
86 + -51 - 20 - 0
15
What is (64 - 39) + -11 + 7 + -18?
3
What is the value of 10 + (9 - ((3 - 3) + 10)) - (117 - -7)?
-115
(-4 - -2 - 9 - 10) + -8 + 4 + 3
-22
Evaluate -19 + (-14 - 1 - (-90 + 64)) + -14 + 25.
3
What is the value of -27 + -3 + -947 + 1024?
47
Evaluate (-6 - -10) + (-73 + -12 - (9 - 6)).
-84
Calculate 7 + (2 + -7 - (4 + -11)) + 19.
28
What is the value of -50 - 3 - (-10 - 38)?
-5
(1 - -23) + (293 - 300) + -40
-23
What is -19 + (-15 - -26) - ((-4 - (-3 + -33)) + -6)?
-34
Evaluate (3 - 1 - 4